{"id":243,"date":"2020-05-17T14:25:47","date_gmt":"2020-05-17T14:25:47","guid":{"rendered":"http:\/\/localhost\/cabinet%20individual%20de%20psihologie\/wordpress\/?page_id=243"},"modified":"2020-08-11T09:35:39","modified_gmt":"2020-08-11T09:35:39","slug":"despre-mine","status":"publish","type":"page","link":"https:\/\/bgyarmati.ro\/index.php\/despre-mine\/","title":{"rendered":"Despre mine"},"content":{"rendered":"\t\t<div data-elementor-type=\"wp-page\" data-elementor-id=\"243\" class=\"elementor elementor-243\">\n\t\t\t\t\t\t<div class=\"elementor-inner\">\n\t\t\t\t<div class=\"elementor-section-wrap\">\n\t\t\t\t\t\t\t\t\t<section class=\"elementor-section elementor-top-section elementor-element elementor-element-79bb809 elementor-section-stretched elementor-section-height-min-height elementor-section-boxed elementor-section-height-default elementor-section-items-middle\" data-id=\"79bb809\" data-element_type=\"section\" data-settings=\"{&quot;stretch_section&quot;:&quot;section-stretched&quot;,&quot;background_background&quot;:&quot;classic&quot;}\">\n\t\t\t\t\t\t\t<div class=\"elementor-background-overlay\"><\/div>\n\t\t\t\t\t\t\t<div class=\"elementor-container elementor-column-gap-default\">\n\t\t\t\t\t\t\t<div class=\"elementor-row\">\n\t\t\t\t\t<div class=\"elementor-column elementor-col-100 elementor-top-column elementor-element elementor-element-87e7f10\" data-id=\"87e7f10\" data-element_type=\"column\">\n\t\t\t<div class=\"elementor-column-wrap elementor-element-populated\">\n\t\t\t\t\t\t\t<div class=\"elementor-widget-wrap\">\n\t\t\t\t\t\t<div class=\"elementor-element elementor-element-8076199 elementor-widget elementor-widget-heading\" data-id=\"8076199\" data-element_type=\"widget\" data-widget_type=\"heading.default\">\n\t\t\t\t<div class=\"elementor-widget-container\">\n\t\t\t<h1 class=\"elementor-heading-title elementor-size-default\">Despre mine<\/h1>\t\t<\/div>\n\t\t\t\t<\/div>\n\t\t\t\t\t\t<\/div>\n\t\t\t\t\t<\/div>\n\t\t<\/div>\n\t\t\t\t\t\t\t\t<\/div>\n\t\t\t\t\t<\/div>\n\t\t<\/section>\n\t\t\t\t<section class=\"elementor-section elementor-top-section elementor-element elementor-element-98fd598 elementor-section-stretched elementor-section-boxed elementor-section-height-default elementor-section-height-default\" data-id=\"98fd598\" data-element_type=\"section\" data-settings=\"{&quot;stretch_section&quot;:&quot;section-stretched&quot;}\">\n\t\t\t\t\t\t<div class=\"elementor-container elementor-column-gap-default\">\n\t\t\t\t\t\t\t<div class=\"elementor-row\">\n\t\t\t\t\t<div class=\"elementor-column elementor-col-50 elementor-top-column elementor-element elementor-element-79368a7\" data-id=\"79368a7\" data-element_type=\"column\">\n\t\t\t<div class=\"elementor-column-wrap elementor-element-populated\">\n\t\t\t\t\t\t\t<div class=\"elementor-widget-wrap\">\n\t\t\t\t\t\t<div class=\"elementor-element elementor-element-02773e7 elementor-widget elementor-widget-text-editor\" data-id=\"02773e7\" data-element_type=\"widget\" data-widget_type=\"text-editor.default\">\n\t\t\t\t<div class=\"elementor-widget-container\">\n\t\t\t\t\t\t\t\t<div class=\"elementor-text-editor elementor-clearfix\">\n\t\t\t\t<p>\u00a0 Sunt un t\u00e2n\u0103r psiholog clinician, absolvent al Facult\u0103\u021bii de \u0218tiin\u021be Socio-Umane din Oradea, \u00een prezent fiind doctorand la \u0218coala Doctoral\u0103 de Sociologie din Oradea. Mi-am centrat aten\u021bia pe copiii cu cerin\u021be educa\u021bionale speciale \u0219i pe modul \u00een care ace\u0219tia sunt integra\u021bi \u00een societate.<\/p><p>\u00a0 \u00cen paralel cu studiile am activat ca voluntar la diverse organiza\u021bii de profil, unde am avut ocazia s\u0103 lucrez direct cu persoane din categorii defavorizate. Mi-am creat un scop din a ajuta oamenii de l\u00e2ng\u0103 mine s\u0103 descopere \u00een ei puterea de schimbare. Cred c\u0103 niciodat\u0103 nu este prea t\u00e2rziu ca o persoan\u0103 s\u0103 \u00ee\u0219i rescrie povestea vie\u021bii. Este necesar s\u0103 ne antren\u0103m mintea pentru a vedea aspectele pozitive ale oric\u0103rei situa\u021bii \u0219i pentru a avea a\u0219tept\u0103ri realiste. S\u0103 fim mul\u021bumi\u021bi de propria persoan\u0103, s\u0103 ne accept\u0103m a\u0219a cum suntem, dar s\u0103 avem mereu dorin\u021ba de optimizare \u0219i s\u0103 devenim o prioritate pentru noi \u00een\u0219ine.<\/p><p>\u00a0 \u00cen interac\u021biunile mele cu oamenii am realizat c\u0103 uneori este nevoie doar de persoana potrivit\u0103 pentru a oferi putere \u0219i \u00eencredere celor care au nevoie de ea, c\u0103 ni\u0219te vorbe frumoase pot face minuni \u0219i c\u0103 \u00eencuraj\u0103rile venite la momentul potrivit pot ajuta la descoperirea \u0219i atingerea poten\u021bialului fiec\u0103ruia.<\/p>\t\t\t\t\t<\/div>\n\t\t\t\t\t\t<\/div>\n\t\t\t\t<\/div>\n\t\t\t\t\t\t<\/div>\n\t\t\t\t\t<\/div>\n\t\t<\/div>\n\t\t\t\t<div class=\"elementor-column elementor-col-50 elementor-top-column elementor-element elementor-element-2077805\" data-id=\"2077805\" data-element_type=\"column\">\n\t\t\t<div class=\"elementor-column-wrap elementor-element-populated\">\n\t\t\t\t\t\t\t<div class=\"elementor-widget-wrap\">\n\t\t\t\t\t\t<div class=\"elementor-element elementor-element-e9a840b elementor-widget elementor-widget-image\" data-id=\"e9a840b\" data-element_type=\"widget\" data-widget_type=\"image.default\">\n\t\t\t\t<div class=\"elementor-widget-container\">\n\t\t\t\t\t\t\t\t<div class=\"elementor-image\">\n\t\t\t\t\t\t\t\t\t<figure class=\"wp-caption\">\n\t\t\t\t\t\t\t\t\t\t<img decoding=\"async\" src=\"https:\/\/bgyarmati.ro\/wp-content\/uploads\/elementor\/thumbs\/46485484_2041954012536275_1868807894749675520_o-opt05b7elkxq5dhh8yaz82myw6a1nqpv7x1rqz8a54.jpg\" title=\"46485484_2041954012536275_1868807894749675520_o\" alt=\"46485484_2041954012536275_1868807894749675520_o\" loading=\"lazy\" \/>\t\t\t\t\t\t\t\t\t\t\t<figcaption class=\"widget-image-caption wp-caption-text\">Be\u00e1ta Fatime Gyarmati<\/figcaption>\n\t\t\t\t\t\t\t\t\t\t<\/figure>\n\t\t\t\t\t\t\t\t<\/div>\n\t\t\t\t\t\t<\/div>\n\t\t\t\t<\/div>\n\t\t\t\t\t\t<\/div>\n\t\t\t\t\t<\/div>\n\t\t<\/div>\n\t\t\t\t\t\t\t\t<\/div>\n\t\t\t\t\t<\/div>\n\t\t<\/section>\n\t\t\t\t\t\t\t\t\t<\/div>\n\t\t\t<\/div>\n\t\t\t\t\t<\/div>\n\t\t","protected":false},"excerpt":{"rendered":"<p>Despre mine \u00a0 Sunt un t\u00e2n\u0103r psiholog clinician, absolvent al Facult\u0103\u021bii de \u0218tiin\u021be Socio-Umane din Oradea, \u00een prezent fiind doctorand la \u0218coala Doctoral\u0103 de Sociologie din Oradea. Mi-am centrat aten\u021bia pe copiii cu cerin\u021be educa\u021bionale speciale \u0219i pe modul \u00een care ace\u0219tia sunt integra\u021bi \u00een societate. \u00a0 \u00cen paralel cu studiile am activat ca voluntar<\/p>\n<div><a class=\"btn-filled btn\" href=\"https:\/\/bgyarmati.ro\/index.php\/despre-mine\/\" title=\"Despre mine\">Read More<\/a><\/div>\n","protected":false},"author":1,"featured_media":0,"parent":0,"menu_order":0,"comment_status":"closed","ping_status":"closed","template":"","meta":[],"yoast_head":"<!-- This site is optimized with the Yoast SEO plugin v19.10 - https:\/\/yoast.com\/wordpress\/plugins\/seo\/ -->\n<title>Despre mine - Cabinet Individual de Psihologie<\/title>\n<meta name=\"robots\" content=\"index, follow, max-snippet:-1, max-image-preview:large, max-video-preview:-1\" \/>\n<link rel=\"canonical\" href=\"https:\/\/bgyarmati.ro\/index.php\/despre-mine\/\" \/>\n<meta property=\"og:locale\" content=\"en_US\" \/>\n<meta property=\"og:type\" content=\"article\" \/>\n<meta property=\"og:title\" content=\"Despre mine - Cabinet Individual de Psihologie\" \/>\n<meta property=\"og:description\" content=\"Despre mine \u00a0 Sunt un t\u00e2n\u0103r psiholog clinician, absolvent al Facult\u0103\u021bii de \u0218tiin\u021be Socio-Umane din Oradea, \u00een prezent fiind doctorand la \u0218coala Doctoral\u0103 de Sociologie din Oradea. Mi-am centrat aten\u021bia pe copiii cu cerin\u021be educa\u021bionale speciale \u0219i pe modul \u00een care ace\u0219tia sunt integra\u021bi \u00een societate. \u00a0 \u00cen paralel cu studiile am activat ca voluntarRead More\" \/>\n<meta property=\"og:url\" content=\"https:\/\/bgyarmati.ro\/index.php\/despre-mine\/\" \/>\n<meta property=\"og:site_name\" content=\"Cabinet Individual de Psihologie\" \/>\n<meta property=\"article:modified_time\" content=\"2020-08-11T09:35:39+00:00\" \/>\n<meta property=\"og:image\" content=\"https:\/\/bgyarmati.ro\/wp-content\/uploads\/elementor\/thumbs\/46485484_2041954012536275_1868807894749675520_o-opt05b7elkxq5dhh8yaz82myw6a1nqpv7x1rqz8a54.jpg\" \/>\n<meta name=\"twitter:card\" content=\"summary_large_image\" \/>\n<meta name=\"twitter:label1\" content=\"Est. reading time\" \/>\n\t<meta name=\"twitter:data1\" content=\"1 minute\" \/>\n<script type=\"application\/ld+json\" class=\"yoast-schema-graph\">{\"@context\":\"https:\/\/schema.org\",\"@graph\":[{\"@type\":\"WebPage\",\"@id\":\"https:\/\/bgyarmati.ro\/index.php\/despre-mine\/\",\"url\":\"https:\/\/bgyarmati.ro\/index.php\/despre-mine\/\",\"name\":\"Despre mine - Cabinet Individual de Psihologie\",\"isPartOf\":{\"@id\":\"https:\/\/bgyarmati.ro\/#website\"},\"datePublished\":\"2020-05-17T14:25:47+00:00\",\"dateModified\":\"2020-08-11T09:35:39+00:00\",\"breadcrumb\":{\"@id\":\"https:\/\/bgyarmati.ro\/index.php\/despre-mine\/#breadcrumb\"},\"inLanguage\":\"en-US\",\"potentialAction\":[{\"@type\":\"ReadAction\",\"target\":[\"https:\/\/bgyarmati.ro\/index.php\/despre-mine\/\"]}]},{\"@type\":\"BreadcrumbList\",\"@id\":\"https:\/\/bgyarmati.ro\/index.php\/despre-mine\/#breadcrumb\",\"itemListElement\":[{\"@type\":\"ListItem\",\"position\":1,\"name\":\"Home\",\"item\":\"https:\/\/bgyarmati.ro\/\"},{\"@type\":\"ListItem\",\"position\":2,\"name\":\"Despre mine\"}]},{\"@type\":\"WebSite\",\"@id\":\"https:\/\/bgyarmati.ro\/#website\",\"url\":\"https:\/\/bgyarmati.ro\/\",\"name\":\"Be\u00e1ta Fatime Gyarmati - Cabinet Individual de Psihologie\",\"description\":\"Gyarmati Beata Fatime\",\"publisher\":{\"@id\":\"https:\/\/bgyarmati.ro\/#organization\"},\"potentialAction\":[{\"@type\":\"SearchAction\",\"target\":{\"@type\":\"EntryPoint\",\"urlTemplate\":\"https:\/\/bgyarmati.ro\/?s={search_term_string}\"},\"query-input\":\"required name=search_term_string\"}],\"inLanguage\":\"en-US\"},{\"@type\":\"Organization\",\"@id\":\"https:\/\/bgyarmati.ro\/#organization\",\"name\":\"BGyarmati\",\"url\":\"https:\/\/bgyarmati.ro\/\",\"logo\":{\"@type\":\"ImageObject\",\"inLanguage\":\"en-US\",\"@id\":\"https:\/\/bgyarmati.ro\/#\/schema\/logo\/image\/\",\"url\":\"https:\/\/bgyarmati.ro\/wp-content\/uploads\/2020\/05\/LogoMakr_2Hq4zc.png\",\"contentUrl\":\"https:\/\/bgyarmati.ro\/wp-content\/uploads\/2020\/05\/LogoMakr_2Hq4zc.png\",\"width\":400,\"height\":379,\"caption\":\"BGyarmati\"},\"image\":{\"@id\":\"https:\/\/bgyarmati.ro\/#\/schema\/logo\/image\/\"}}]}<\/script>\n<!-- \/ Yoast SEO plugin. -->","yoast_head_json":{"title":"Despre mine - Cabinet Individual de Psihologie","robots":{"index":"index","follow":"follow","max-snippet":"max-snippet:-1","max-image-preview":"max-image-preview:large","max-video-preview":"max-video-preview:-1"},"canonical":"https:\/\/bgyarmati.ro\/index.php\/despre-mine\/","og_locale":"en_US","og_type":"article","og_title":"Despre mine - Cabinet Individual de Psihologie","og_description":"Despre mine \u00a0 Sunt un t\u00e2n\u0103r psiholog clinician, absolvent al Facult\u0103\u021bii de \u0218tiin\u021be Socio-Umane din Oradea, \u00een prezent fiind doctorand la \u0218coala Doctoral\u0103 de Sociologie din Oradea. Mi-am centrat aten\u021bia pe copiii cu cerin\u021be educa\u021bionale speciale \u0219i pe modul \u00een care ace\u0219tia sunt integra\u021bi \u00een societate. \u00a0 \u00cen paralel cu studiile am activat ca voluntarRead More","og_url":"https:\/\/bgyarmati.ro\/index.php\/despre-mine\/","og_site_name":"Cabinet Individual de Psihologie","article_modified_time":"2020-08-11T09:35:39+00:00","og_image":[{"url":"https:\/\/bgyarmati.ro\/wp-content\/uploads\/elementor\/thumbs\/46485484_2041954012536275_1868807894749675520_o-opt05b7elkxq5dhh8yaz82myw6a1nqpv7x1rqz8a54.jpg"}],"twitter_card":"summary_large_image","twitter_misc":{"Est. reading time":"1 minute"},"schema":{"@context":"https:\/\/schema.org","@graph":[{"@type":"WebPage","@id":"https:\/\/bgyarmati.ro\/index.php\/despre-mine\/","url":"https:\/\/bgyarmati.ro\/index.php\/despre-mine\/","name":"Despre mine - Cabinet Individual de Psihologie","isPartOf":{"@id":"https:\/\/bgyarmati.ro\/#website"},"datePublished":"2020-05-17T14:25:47+00:00","dateModified":"2020-08-11T09:35:39+00:00","breadcrumb":{"@id":"https:\/\/bgyarmati.ro\/index.php\/despre-mine\/#breadcrumb"},"inLanguage":"en-US","potentialAction":[{"@type":"ReadAction","target":["https:\/\/bgyarmati.ro\/index.php\/despre-mine\/"]}]},{"@type":"BreadcrumbList","@id":"https:\/\/bgyarmati.ro\/index.php\/despre-mine\/#breadcrumb","itemListElement":[{"@type":"ListItem","position":1,"name":"Home","item":"https:\/\/bgyarmati.ro\/"},{"@type":"ListItem","position":2,"name":"Despre mine"}]},{"@type":"WebSite","@id":"https:\/\/bgyarmati.ro\/#website","url":"https:\/\/bgyarmati.ro\/","name":"Be\u00e1ta Fatime Gyarmati - Cabinet Individual de Psihologie","description":"Gyarmati Beata Fatime","publisher":{"@id":"https:\/\/bgyarmati.ro\/#organization"},"potentialAction":[{"@type":"SearchAction","target":{"@type":"EntryPoint","urlTemplate":"https:\/\/bgyarmati.ro\/?s={search_term_string}"},"query-input":"required name=search_term_string"}],"inLanguage":"en-US"},{"@type":"Organization","@id":"https:\/\/bgyarmati.ro\/#organization","name":"BGyarmati","url":"https:\/\/bgyarmati.ro\/","logo":{"@type":"ImageObject","inLanguage":"en-US","@id":"https:\/\/bgyarmati.ro\/#\/schema\/logo\/image\/","url":"https:\/\/bgyarmati.ro\/wp-content\/uploads\/2020\/05\/LogoMakr_2Hq4zc.png","contentUrl":"https:\/\/bgyarmati.ro\/wp-content\/uploads\/2020\/05\/LogoMakr_2Hq4zc.png","width":400,"height":379,"caption":"BGyarmati"},"image":{"@id":"https:\/\/bgyarmati.ro\/#\/schema\/logo\/image\/"}}]}},"_links":{"self":[{"href":"https:\/\/bgyarmati.ro\/index.php\/wp-json\/wp\/v2\/pages\/243"}],"collection":[{"href":"https:\/\/bgyarmati.ro\/index.php\/wp-json\/wp\/v2\/pages"}],"about":[{"href":"https:\/\/bgyarmati.ro\/index.php\/wp-json\/wp\/v2\/types\/page"}],"author":[{"embeddable":true,"href":"https:\/\/bgyarmati.ro\/index.php\/wp-json\/wp\/v2\/users\/1"}],"replies":[{"embeddable":true,"href":"https:\/\/bgyarmati.ro\/index.php\/wp-json\/wp\/v2\/comments?post=243"}],"version-history":[{"count":19,"href":"https:\/\/bgyarmati.ro\/index.php\/wp-json\/wp\/v2\/pages\/243\/revisions"}],"predecessor-version":[{"id":556,"href":"https:\/\/bgyarmati.ro\/index.php\/wp-json\/wp\/v2\/pages\/243\/revisions\/556"}],"wp:attachment":[{"href":"https:\/\/bgyarmati.ro\/index.php\/wp-json\/wp\/v2\/media?parent=243"}],"curies":[{"name":"wp","href":"https:\/\/api.w.org\/{rel}","templated":true}]}}